{"id":349,"date":"2025-03-31T17:33:43","date_gmt":"2025-03-31T15:33:43","guid":{"rendered":"https:\/\/www.ligne-c.archi\/?page_id=349"},"modified":"2025-11-06T15:32:19","modified_gmt":"2025-11-06T14:32:19","slug":"a-propos-de","status":"publish","type":"page","link":"https:\/\/www.ligne-c.archi\/index.php\/a-propos-de\/","title":{"rendered":"A propos d&rsquo;une architecte &#8230;"},"content":{"rendered":"<div data-colibri-id=\"349-c1\" class=\"style-251 style-local-349-c1 position-relative\">\n  <!---->\n  <div data-colibri-component=\"section\" data-colibri-id=\"349-c2\" id=\"custom\" class=\"h-section h-section-global-spacing d-flex align-items-lg-center align-items-md-center align-items-center style-302 style-local-349-c2 position-relative\">\n    <!---->\n    <!---->\n    <div class=\"h-section-grid-container h-section-boxed-container\">\n      <!---->\n      <div data-colibri-id=\"349-c3\" class=\"h-row-container gutters-row-lg-2 gutters-row-md-2 gutters-row-0 gutters-row-v-lg-2 gutters-row-v-md-2 gutters-row-v-2 style-309 style-local-349-c3 position-relative\">\n        <!---->\n        <div class=\"h-row justify-content-lg-center justify-content-md-center justify-content-center align-items-lg-stretch align-items-md-stretch align-items-stretch gutters-col-lg-2 gutters-col-md-2 gutters-col-0 gutters-col-v-lg-2 gutters-col-v-md-2 gutters-col-v-2\">\n          <!---->\n          <div class=\"h-column h-column-container d-flex h-col-lg-auto h-col-md-auto h-col-auto style-310-outer style-local-349-c4-outer\">\n            <div data-colibri-id=\"349-c4\" class=\"d-flex h-flex-basis h-column__inner h-px-lg-2 h-px-md-2 h-px-2 v-inner-lg-2 v-inner-md-2 v-inner-2 style-310 style-local-349-c4 position-relative\">\n              <!---->\n              <!---->\n              <div class=\"w-100 h-y-container h-column__content h-column__v-align flex-basis-100 align-self-lg-start align-self-md-start align-self-start\">\n                <!---->\n                <div data-colibri-id=\"349-c5\" class=\"d-block style-306 style-local-349-c5 position-relative h-element\">\n                  <!---->\n                  <div class=\"h-image__frame-container-outer\">\n                    <div class=\"h-image__frame-container\">\n                      <!---->\n                      <!---->\n                      <img loading=\"lazy\" decoding=\"async\" width=\"1112\" height=\"1112\" src=\"https:\/\/www.ligne-c.archi\/wp-content\/uploads\/2025\/09\/cropped-protrait-2.jpg\" class=\"wp-image-1362 style-306-image style-local-349-c5-image\" alt=\"\" srcset=\"https:\/\/www.ligne-c.archi\/wp-content\/uploads\/2025\/09\/cropped-protrait-2.jpg 1112w, https:\/\/www.ligne-c.archi\/wp-content\/uploads\/2025\/09\/cropped-protrait-2-300x300.jpg 300w, https:\/\/www.ligne-c.archi\/wp-content\/uploads\/2025\/09\/cropped-protrait-2-1024x1024.jpg 1024w, https:\/\/www.ligne-c.archi\/wp-content\/uploads\/2025\/09\/cropped-protrait-2-150x150.jpg 150w, https:\/\/www.ligne-c.archi\/wp-content\/uploads\/2025\/09\/cropped-protrait-2-768x768.jpg 768w\" sizes=\"auto, (max-width: 1112px) 100vw, 1112px\" \/>\n                      <div class=\"h-image__frame h-hide-lg h-hide-md h-hide-sm style-306-frameImage style-local-349-c5-frameImage\"><\/div>\n                    <\/div>\n                  <\/div>\n                <\/div>\n                <div data-colibri-id=\"349-c6\" class=\"h-text h-text-component style-308 style-local-349-c6 position-relative h-element\">\n                  <!---->\n                  <!---->\n                  <div class=\"\">\n                    <p>C\u00e9line MONPONT Architecte depuis 2015<\/p>\n                  <\/div>\n                <\/div>\n              <\/div>\n            <\/div>\n          <\/div>\n          <div class=\"h-column h-column-container d-flex h-col-lg-auto h-col-md-auto h-col-auto style-311-outer style-local-349-c7-outer\">\n            <div data-colibri-id=\"349-c7\" class=\"d-flex h-flex-basis h-column__inner h-ui-empty-state-container h-px-lg-2 h-px-md-2 h-px-2 v-inner-lg-2 v-inner-md-2 v-inner-2 style-311 style-local-349-c7 position-relative\">\n              <!---->\n              <!---->\n              <div class=\"w-100 h-y-container h-column__content h-column__v-align flex-basis-100\">\n                <!---->\n              <\/div>\n            <\/div>\n          <\/div>\n          <div class=\"h-column h-column-container d-flex h-col-lg-auto h-col-md-auto h-col-auto style-312-outer style-local-349-c8-outer\">\n            <div data-colibri-id=\"349-c8\" class=\"d-flex h-flex-basis h-column__inner h-ui-empty-state-container h-px-lg-2 h-px-md-2 h-px-2 v-inner-lg-2 v-inner-md-2 v-inner-2 style-312 style-local-349-c8 position-relative\">\n              <!---->\n              <!---->\n              <div class=\"w-100 h-y-container h-column__content h-column__v-align flex-basis-100\">\n                <!---->\n              <\/div>\n            <\/div>\n          <\/div>\n        <\/div>\n      <\/div>\n      <div data-colibri-id=\"349-c9\" class=\"h-row-container gutters-row-lg-0 gutters-row-md-0 gutters-row-0 gutters-row-v-lg-0 gutters-row-v-md-0 gutters-row-v-0 style-511 style-local-349-c9 position-relative\">\n        <!---->\n        <div class=\"h-row justify-content-lg-center justify-content-md-center justify-content-center align-items-lg-stretch align-items-md-stretch align-items-stretch gutters-col-lg-0 gutters-col-md-0 gutters-col-0 gutters-col-v-lg-0 gutters-col-v-md-0 gutters-col-v-0\">\n          <!---->\n          <div class=\"h-column h-column-container d-flex h-col-lg-auto h-col-md-auto h-col-auto style-512-outer style-local-349-c10-outer\">\n            <div data-colibri-id=\"349-c10\" class=\"d-flex h-flex-basis h-column__inner h-px-lg-2 h-px-md-2 h-px-2 v-inner-lg-2 v-inner-md-2 v-inner-2 style-512 style-local-349-c10 position-relative\">\n              <!---->\n              <!---->\n              <div class=\"w-100 h-y-container h-column__content h-column__v-align flex-basis-100 align-self-lg-start align-self-md-start align-self-start\">\n                <!---->\n                <div data-colibri-id=\"349-c11\" class=\"h-text h-text-component style-513 style-local-349-c11 position-relative h-element\">\n                  <!---->\n                  <!---->\n                  <div class=\"\">\n                    <p>J\u2019ai d\u00e9couvert une \u00ab\u00a0petite partie de l\u2019architecture\u00a0\u00bb lorsque mes parents ont mandat\u00e9 un ARCHITECTE pour la conception et r\u00e9alisation de notre maison, j\u2019avais 12 ans. Le challenge &#8211; la commande &#8211; r\u00e9aliser un local technique pour la\n                      gestion, l\u2019entretien et la reproduction de poissons, dont l\u2019aquarium principale aurait une seule face visible dans le s\u00e9jour, tel une fen\u00eatre, paysage au c\u0153ur de notre pi\u00e8ce de vie.<\/p>\n                  <\/div>\n                <\/div>\n              <\/div>\n            <\/div>\n          <\/div>\n        <\/div>\n      <\/div>\n      <div data-colibri-id=\"349-c12\" class=\"h-row-container gutters-row-lg-0 gutters-row-md-0 gutters-row-0 gutters-row-v-lg-0 gutters-row-v-md-0 gutters-row-v-0 style-303 style-local-349-c12 position-relative\">\n        <!---->\n        <div class=\"h-row justify-content-lg-center justify-content-md-center justify-content-center align-items-lg-stretch align-items-md-stretch align-items-stretch gutters-col-lg-0 gutters-col-md-0 gutters-col-0 gutters-col-v-lg-0 gutters-col-v-md-0 gutters-col-v-0\">\n          <!---->\n          <div class=\"h-column h-column-container d-flex h-col-lg-auto h-col-md-auto h-col-auto style-304-outer style-local-349-c13-outer\">\n            <div data-colibri-id=\"349-c13\" class=\"d-flex h-flex-basis h-column__inner h-px-lg-2 h-px-md-2 h-px-2 v-inner-lg-2 v-inner-md-2 v-inner-2 style-304 style-local-349-c13 position-relative\">\n              <!---->\n              <!---->\n              <div class=\"w-100 h-y-container h-column__content h-column__v-align flex-basis-100 align-self-lg-start align-self-md-start align-self-start\">\n                <!---->\n                <div data-colibri-id=\"349-c14\" class=\"h-global-transition-all h-heading style-305 style-local-349-c14 position-relative h-element\">\n                  <!---->\n                  <div class=\"h-heading__outer style-305 style-local-349-c14\">\n                    <!---->\n                    <!---->\n                    <h3 class=\"\">Mon parcours \u2026<\/h3>\n                  <\/div>\n                <\/div>\n              <\/div>\n            <\/div>\n          <\/div>\n        <\/div>\n      <\/div>\n      <div data-colibri-id=\"349-c15\" class=\"h-row-container gutters-row-lg-0 gutters-row-md-0 gutters-row-0 gutters-row-v-lg-0 gutters-row-v-md-0 gutters-row-v-0 style-318 style-local-349-c15 position-relative\">\n        <!---->\n        <div class=\"h-row justify-content-lg-center justify-content-md-center justify-content-center align-items-lg-stretch align-items-md-stretch align-items-stretch gutters-col-lg-0 gutters-col-md-0 gutters-col-0 gutters-col-v-lg-0 gutters-col-v-md-0 gutters-col-v-0\">\n          <!---->\n          <div class=\"h-column h-column-container d-flex h-col-lg-auto h-col-md-auto h-col-auto style-319-outer style-local-349-c16-outer\">\n            <div data-colibri-id=\"349-c16\" class=\"d-flex h-flex-basis h-column__inner h-px-lg-1 h-px-md-1 h-px-1 v-inner-lg-1 v-inner-md-1 v-inner-1 style-319 style-local-349-c16 position-relative\">\n              <!---->\n              <!---->\n              <div class=\"w-100 h-y-container h-column__content h-column__v-align flex-basis-100 align-self-lg-start align-self-md-start align-self-start\">\n                <!---->\n                <div data-colibri-id=\"349-c17\" class=\"h-text h-text-component style-320 style-local-349-c17 position-relative h-element\">\n                  <!---->\n                  <!---->\n                  <div class=\"\">\n                    <p>J\u2019ai \u00e9volu\u00e9 en tant que dessinatrice, chef d\u2019agence. En 2015, j\u2019ai cr\u00e9\u00e9 l\u2019atelier et propose mes comp\u00e9tences dans divers domaines.<\/p>\n                    <p>L\u2019architecture \u00e9tait d\u00e9bord enseign\u00e9e aux beaux-arts. Les architectes ont longtemps conserv\u00e9 cette \u00ab&nbsp;\u00e9tiquette&nbsp;\u00bb d\u2019artiste. Le m\u00e9tier a \u00e9volu\u00e9 techniquement et l&rsquo;on \u00e9voque plut\u00f4t l\u2019acte de construire. Pour ceci, une \u00e9quipe\n                      de maitrise d\u2019\u0153uvre est constitu\u00e9e, elle se compose de partenaires ing\u00e9nieurs de diff\u00e9rentes qualifications. Les enjeux pour l&rsquo;avenir nous m\u00e8nent vers les r\u00e9flexions environnementales.<\/p>\n                  <\/div>\n                <\/div>\n              <\/div>\n            <\/div>\n          <\/div>\n        <\/div>\n      <\/div>\n      <div data-colibri-id=\"349-c18\" class=\"h-row-container gutters-row-lg-0 gutters-row-md-0 gutters-row-0 gutters-row-v-lg-0 gutters-row-v-md-0 gutters-row-v-0 style-321 style-local-349-c18 position-relative\">\n        <!---->\n        <div class=\"h-row justify-content-lg-center justify-content-md-center justify-content-center align-items-lg-stretch align-items-md-stretch align-items-stretch gutters-col-lg-0 gutters-col-md-0 gutters-col-0 gutters-col-v-lg-0 gutters-col-v-md-0 gutters-col-v-0\">\n          <!---->\n          <div class=\"h-column h-column-container d-flex h-col-lg-auto h-col-md-auto h-col-auto style-322-outer style-local-349-c19-outer\">\n            <div data-colibri-id=\"349-c19\" class=\"d-flex h-flex-basis h-column__inner h-px-lg-2 h-px-md-2 h-px-2 v-inner-lg-2 v-inner-md-2 v-inner-2 style-322 style-local-349-c19 position-relative\">\n              <!---->\n              <!---->\n              <div class=\"w-100 h-y-container h-column__content h-column__v-align flex-basis-100 align-self-lg-start align-self-md-start align-self-start\">\n                <!---->\n                <div data-colibri-id=\"349-c20\" class=\"h-global-transition-all h-heading style-323 style-local-349-c20 position-relative h-element\">\n                  <!---->\n                  <div class=\"h-heading__outer style-323 style-local-349-c20\">\n                    <!---->\n                    <!---->\n                    <h3 class=\"\">Ensemble &#8230;.<\/h3>\n                  <\/div>\n                <\/div>\n              <\/div>\n            <\/div>\n          <\/div>\n        <\/div>\n      <\/div>\n      <div data-colibri-id=\"349-c21\" class=\"h-row-container gutters-row-lg-0 gutters-row-md-0 gutters-row-0 gutters-row-v-lg-0 gutters-row-v-md-0 gutters-row-v-0 style-324 style-local-349-c21 position-relative\">\n        <!---->\n        <div class=\"h-row justify-content-lg-center justify-content-md-center justify-content-center align-items-lg-stretch align-items-md-stretch align-items-stretch gutters-col-lg-0 gutters-col-md-0 gutters-col-0 gutters-col-v-lg-0 gutters-col-v-md-0 gutters-col-v-0\">\n          <!---->\n          <div class=\"h-column h-column-container d-flex h-col-lg-auto h-col-md-auto h-col-auto style-325-outer style-local-349-c22-outer\">\n            <div data-colibri-id=\"349-c22\" class=\"d-flex h-flex-basis h-column__inner h-px-lg-2 h-px-md-2 h-px-2 v-inner-lg-2 v-inner-md-2 v-inner-2 style-325 style-local-349-c22 position-relative\">\n              <!---->\n              <!---->\n              <div class=\"w-100 h-y-container h-column__content h-column__v-align flex-basis-100 align-self-lg-start align-self-md-start align-self-start\">\n                <!---->\n                <div data-colibri-id=\"349-c23\" class=\"h-text h-text-component style-326 style-local-349-c23 position-relative h-element\">\n                  <!---->\n                  <!---->\n                  <div class=\"\">\n                    <p>Au-del\u00e0 de la partie technique que nous aborderons, je m\u2019appuie tout d\u2019abord sur votre mode de vie, sur ce qui est important pour vous. Je ne cr\u00e9e pas seule, \u00ab&nbsp;la page blanche existe&nbsp;\u00bb.<\/p>\n                    <p>Je vous propose plut\u00f4t de co-cr\u00e9er le projet \u00e0 partir de vos besoins, d\u2019un terrain, d\u2019un b\u00e2timent existant, de mon expertise et avec les id\u00e9es que je vous proposerai. Ce qui est important \u00e0 mon sens, n\u2019est ni la r\u00e8gle, ni le standard,\n                      mais plut\u00f4t ce qui vous correspond.<\/p>\n                    <p>La maison des 7 sept nains ne convient pas tout le monde et nous n\u2019avons pas encore trouv\u00e9 la solution pour modifier notre taille dans un sens ou l\u2019autre comme sugg\u00e9r\u00e9 dans Downsizing (Film de 2017, de et r\u00e9alis\u00e9 par Alexander Payne)<\/p>\n                  <\/div>\n                <\/div>\n              <\/div>\n            <\/div>\n          <\/div>\n        <\/div>\n      <\/div>\n      <div data-colibri-id=\"349-c24\" class=\"h-row-container gutters-row-lg-2 gutters-row-md-2 gutters-row-0 gutters-row-v-lg-2 gutters-row-v-md-2 gutters-row-v-2 style-313 style-local-349-c24 position-relative\">\n        <!---->\n        <div class=\"h-row justify-content-lg-center justify-content-md-center justify-content-center align-items-lg-stretch align-items-md-stretch align-items-stretch gutters-col-lg-2 gutters-col-md-2 gutters-col-0 gutters-col-v-lg-2 gutters-col-v-md-2 gutters-col-v-2\">\n          <!---->\n          <div class=\"h-column h-column-container d-flex h-col-lg-auto h-col-md-auto h-col-auto style-314-outer style-local-349-c25-outer\">\n            <div data-colibri-id=\"349-c25\" class=\"d-flex h-flex-basis h-column__inner h-px-lg-2 h-px-md-2 h-px-2 v-inner-lg-2 v-inner-md-2 v-inner-2 style-314 style-local-349-c25 position-relative\">\n              <!---->\n              <!---->\n              <div class=\"w-100 h-y-container h-column__content h-column__v-align flex-basis-100 align-self-lg-start align-self-md-start align-self-start\">\n                <!---->\n                <div data-colibri-id=\"349-c26\" class=\"d-block style-601 style-local-349-c26 position-relative h-element\">\n                  <!---->\n                  <div class=\"h-image__frame-container-outer\">\n                    <div class=\"h-image__frame-container\">\n                      <!---->\n                      <!---->\n                      <img loading=\"lazy\" decoding=\"async\" width=\"474\" height=\"280\" src=\"https:\/\/www.ligne-c.archi\/wp-content\/uploads\/2025\/03\/cropped-cendrillon-2.webp\" class=\"wp-image-1522 style-601-image style-local-349-c26-image\" alt=\"\" srcset=\"https:\/\/www.ligne-c.archi\/wp-content\/uploads\/2025\/03\/cropped-cendrillon-2.webp 474w, https:\/\/www.ligne-c.archi\/wp-content\/uploads\/2025\/03\/cropped-cendrillon-2-300x177.webp 300w\" sizes=\"auto, (max-width: 474px) 100vw, 474px\" \/>\n                      <div class=\"h-image__frame h-hide-lg h-hide-md h-hide-sm style-601-frameImage style-local-349-c26-frameImage\"><\/div>\n                    <\/div>\n                  <\/div>\n                <\/div>\n                <div data-colibri-id=\"349-c27\" class=\"h-text h-text-component style-329 style-local-349-c27 position-relative h-element\">\n                  <!---->\n                  <!---->\n                  <div class=\"\">\n                    <p>Dessin-anim\u00e9 \u00ab\u00a0Blanche Neige et les 7 nains &#8211; 1937<\/p>\n                  <\/div>\n                <\/div>\n              <\/div>\n            <\/div>\n          <\/div>\n          <div class=\"h-column h-column-container d-flex h-col-lg-auto h-col-md-auto h-col-auto style-327-outer style-local-349-c28-outer\">\n            <div data-colibri-id=\"349-c28\" class=\"d-flex h-flex-basis h-column__inner h-px-lg-2 h-px-md-2 h-px-2 v-inner-lg-2 v-inner-md-2 v-inner-2 style-327 style-local-349-c28 position-relative\">\n              <!---->\n              <!---->\n              <div class=\"w-100 h-y-container h-column__content h-column__v-align flex-basis-100 align-self-lg-start align-self-md-start align-self-start\">\n                <!---->\n                <div data-colibri-id=\"349-c29\" class=\"d-block style-330 style-local-349-c29 position-relative h-element\">\n                  <!---->\n                  <div class=\"h-image__frame-container-outer\">\n                    <div class=\"h-image__frame-container\">\n                      <!---->\n                      <!---->\n                      <img loading=\"lazy\" decoding=\"async\" width=\"339\" height=\"266\" src=\"https:\/\/www.ligne-c.archi\/wp-content\/uploads\/2025\/03\/cropped-downsizing-film-1.webp\" class=\"wp-image-828 style-330-image style-local-349-c29-image\" alt=\"\" srcset=\"https:\/\/www.ligne-c.archi\/wp-content\/uploads\/2025\/03\/cropped-downsizing-film-1.webp 339w, https:\/\/www.ligne-c.archi\/wp-content\/uploads\/2025\/03\/cropped-downsizing-film-1-300x235.webp 300w\" sizes=\"auto, (max-width: 339px) 100vw, 339px\" \/>\n                      <div class=\"h-image__frame h-hide-lg h-hide-md h-hide-sm style-330-frameImage style-local-349-c29-frameImage\"><\/div>\n                    <\/div>\n                  <\/div>\n                <\/div>\n                <div data-colibri-id=\"349-c30\" class=\"h-text h-text-component style-331 style-local-349-c30 position-relative h-element\">\n                  <!---->\n                  <!---->\n                  <div class=\"\">\n                    <p>Film Downsizing &#8211; 2017<\/p>\n                  <\/div>\n                <\/div>\n              <\/div>\n            <\/div>\n          <\/div>\n        <\/div>\n      <\/div>\n      <div data-colibri-id=\"349-c31\" class=\"h-row-container gutters-row-lg-2 gutters-row-md-2 gutters-row-0 gutters-row-v-lg-2 gutters-row-v-md-2 gutters-row-v-2 style-344 style-local-349-c31 position-relative\">\n        <!---->\n        <div class=\"h-row justify-content-lg-center justify-content-md-center justify-content-center align-items-lg-stretch align-items-md-stretch align-items-stretch gutters-col-lg-2 gutters-col-md-2 gutters-col-0 gutters-col-v-lg-2 gutters-col-v-md-2 gutters-col-v-2\">\n          <!---->\n          <div class=\"h-column h-column-container d-flex h-col-lg-auto h-col-md-auto h-col-auto style-345-outer style-local-349-c32-outer\">\n            <div data-colibri-id=\"349-c32\" class=\"d-flex h-flex-basis h-column__inner h-px-lg-2 h-px-md-2 h-px-2 v-inner-lg-2 v-inner-md-2 v-inner-2 style-345 style-local-349-c32 position-relative\">\n              <!---->\n              <!---->\n              <div class=\"w-100 h-y-container h-column__content h-column__v-align flex-basis-100 align-self-lg-start align-self-md-start align-self-start\">\n                <!---->\n                <div data-colibri-id=\"349-c33\" class=\"h-text h-text-component style-346 style-local-349-c33 position-relative h-element\">\n                  <!---->\n                  <!---->\n                  <div class=\"\">\n                    <p>Le concept est une d\u00e9marche \u00ab&nbsp;intellectuelle&nbsp;\u00bb, dont ma d\u00e9finition serait d\u2019exprimer les diff\u00e9rentes attentes en un projet simple.<\/p>\n                  <\/div>\n                <\/div>\n              <\/div>\n            <\/div>\n          <\/div>\n        <\/div>\n      <\/div>\n      <div data-colibri-id=\"349-c34\" class=\"h-row-container gutters-row-lg-2 gutters-row-md-2 gutters-row-0 gutters-row-v-lg-2 gutters-row-v-md-2 gutters-row-v-2 style-341 style-local-349-c34 position-relative\">\n        <!---->\n        <div class=\"h-row justify-content-lg-center justify-content-md-center justify-content-center align-items-lg-stretch align-items-md-stretch align-items-stretch gutters-col-lg-2 gutters-col-md-2 gutters-col-0 gutters-col-v-lg-2 gutters-col-v-md-2 gutters-col-v-2\">\n          <!---->\n          <div class=\"h-column h-column-container d-flex h-col-lg-auto h-col-md-auto h-col-auto style-342-outer style-local-349-c35-outer\">\n            <div data-colibri-id=\"349-c35\" class=\"d-flex h-flex-basis h-column__inner h-px-lg-2 h-px-md-2 h-px-2 v-inner-lg-2 v-inner-md-2 v-inner-2 style-342 style-local-349-c35 position-relative\">\n              <!---->\n              <!---->\n              <div class=\"w-100 h-y-container h-column__content h-column__v-align flex-basis-100 align-self-lg-start align-self-md-start align-self-start\">\n                <!---->\n                <div data-colibri-id=\"349-c36\" class=\"h-global-transition-all h-heading style-343 style-local-349-c36 position-relative h-element\">\n                  <!---->\n                  <div class=\"h-heading__outer style-343 style-local-349-c36\">\n                    <!---->\n                    <!---->\n                    <h3 class=\"\">Ensemble, nous ferons naitre et grandir vos envies.<\/h3>\n                  <\/div>\n                <\/div>\n              <\/div>\n            <\/div>\n          <\/div>\n        <\/div>\n      <\/div>\n    <\/div>\n  <\/div>\n<\/div>","protected":false},"excerpt":{"rendered":"<p>C\u00e9line MONPONT Architecte depuis 2015 J\u2019ai d\u00e9couvert une \u00ab\u00a0petite partie de l\u2019architecture\u00a0\u00bb lorsque mes parents ont mandat\u00e9 un ARCHITECTE pour la conception et r\u00e9alisation de notre maison, j\u2019avais 12 ans. Le challenge &#8211; la commande &#8211; r\u00e9aliser un local technique pour la gestion, l\u2019entretien et la reproduction de poissons, dont l\u2019aquarium principale aurait une seule [&hellip;]<\/p>\n","protected":false},"author":1,"featured_media":0,"parent":0,"menu_order":1,"comment_status":"closed","ping_status":"closed","template":"page-templates\/full-width-page.php","meta":{"footnotes":""},"class_list":["post-349","page","type-page","status-publish","hentry"],"jetpack_likes_enabled":true,"jetpack_sharing_enabled":true,"_links":{"self":[{"href":"https:\/\/www.ligne-c.archi\/index.php\/wp-json\/wp\/v2\/pages\/349","targetHints":{"allow":["GET"]}}],"collection":[{"href":"https:\/\/www.ligne-c.archi\/index.php\/wp-json\/wp\/v2\/pages"}],"about":[{"href":"https:\/\/www.ligne-c.archi\/index.php\/wp-json\/wp\/v2\/types\/page"}],"author":[{"embeddable":true,"href":"https:\/\/www.ligne-c.archi\/index.php\/wp-json\/wp\/v2\/users\/1"}],"replies":[{"embeddable":true,"href":"https:\/\/www.ligne-c.archi\/index.php\/wp-json\/wp\/v2\/comments?post=349"}],"version-history":[{"count":19,"href":"https:\/\/www.ligne-c.archi\/index.php\/wp-json\/wp\/v2\/pages\/349\/revisions"}],"predecessor-version":[{"id":1609,"href":"https:\/\/www.ligne-c.archi\/index.php\/wp-json\/wp\/v2\/pages\/349\/revisions\/1609"}],"wp:attachment":[{"href":"https:\/\/www.ligne-c.archi\/index.php\/wp-json\/wp\/v2\/media?parent=349"}],"curies":[{"name":"wp","href":"https:\/\/api.w.org\/{rel}","templated":true}]}}